2?
12
Let j(t) = -t + 8. Let l be j(-8). Calculate the highest common divisor of l and 32.
16
Suppose 3*u - u = 60. Let p = -23 + 98. What is the greatest common factor of p and u?
15
Let z be -1 - 2/(-1) - 1. Suppose f + z*f = 15. Let h = -11 + f. What is the greatest common divisor of 20 and h?
4
Let z be -3 + 2 - (-1 + -18). What is the greatest common divisor of 6 and z?
6
Suppose -2*a - y + 55 = 0, 2*a - 3*a - 5*y + 5 = 0. Let n be (-1 - 0)*(5 - (-80)/(-4)). What is the highest common factor of n and a?
15
Let w(l) = 6*l - 38. Let n be w(8). What is the greatest common divisor of n and 170?
10
Let v = 94 - 67. What is the greatest common factor of v and 9?
9
Suppose 0 = 4*d + w - 382, -373 - 97 = -5*d - 5*w. Let i = 58 + -46. What is the highest common divisor of i and d?
12
Suppose -n + 5*n = 0. Suppose n*u - 160 = -4*u. Suppose -3*q - 20 = 4*h - 52, 12 = q + 2*h. What is the highest common factor of q and u?
8
Let h be 5*1*(-24)/(-15). Suppose z = -s + h, -3*s + 0*s + 56 = -5*z. Let f = -77 + 137. Calculate the greatest common factor of s and f.
12
Suppose 93 = 7*n - 159. Calculate the highest common factor of 54 and n.
18
Suppose 3*m = -4 + 10. Let s(y) = y + 4. Let w be s(-2). Calculate the highest common factor of m and w.
2
Let x = 34 + -12. Suppose 2*u - 4*z + 60 = 4*u, -u + 4*z = -36. Let h = -10 + u. What is the highest common divisor of x and h?
22
Let b be 0*((-18)/(-4) + -4). Suppose b*j - j = -10. What is the greatest common factor of 4 and j?
2
Let q be 1*(2 + -4 - -2). Let g = q - -1. Let j = -10 + 17. What is the highest common factor of g and j?
1
Let b = -2 - 0. Let h(t) = -2*t + 1. Let d be h(b). Let a = 25 + -5. Calculate the highest common divisor of d and a.
5
Let s(c) = -6*c. Let m = 7 + -12. Let b be s(m). Suppose v = 8 + 2. Calculate the highest common factor of b and v.
10
Suppose 2*t = -4*x + 118, 6*x = 2*x - t + 113. What is the highest common factor of x and 3?
3
Suppose 0 = 2*y - 8*y + 24. Suppose -4 = 4*z, 5*k - 7*z = -y*z + 128. What is the greatest common factor of k and 50?
25
Let o(t) = -12*t - 3 - 1 + 0*t. Let m be o(-3). What is the greatest common divisor of m and 8?
8
Suppose p = -p. Let l be (-3)/(p - 3/(-9)). Let q(z) = z**2 + 8*z - 4. Let f be q(l). What is the greatest common divisor of 40 and f?
5
Let v = 69 + -3. Calculate the greatest common factor of 44 and v.
22
Suppose b - 4*b = -6. Calculate the greatest common factor of b and 6.
2
Let a(l) = 2*l**3 + 4*l**2 + 4*l + 2. Let q be a(-2). Let k = -11 - q. Let h = 3 - k. What is the greatest common divisor of 8 and h?
8
Let v(o) = -o**2 - o + 19. Let s be v(0). Let k = 378 - 207. Calculate the greatest common factor of s and k.
19
Let u be (-1)/2 - (-15)/6. Suppose 0 = -0*d - u*d + 252. What is the greatest common factor of d and 14?
14
Let t(s) = 4*s**2 + 5*s - 5. Let v be t(-5). Suppose 4*m - m - 27 = 3*k, -5*m + 3*k = -47. What is the highest common divisor of m and v?
10
Let t be (-6)/4*(-4)/6. Suppose 3*o = 6, 3*x + 3*o = 4*o + 22. Calculate the highest common factor of t and x.
1
Let x(r) = 4*r**2 - 1. Let g be 6/(-2)*(-6)/(-9). Let b be x(g). Let y = 24 - b. Calculate the greatest common factor of 99 and y.
9
Let f(k) = -k**2 + 52. Let m be f(7). What is the greatest common divisor of 15 and m?
3
Suppose -4*l - c + 61 = 10, -2*l = 4*c - 22. Let n = l + -10. Calculate the highest common factor of 21 and n.
3
Let y(m) = -15*m**3 + m**2 - m - 1. Let o be y(-1). Suppose 3*j = 8*j + k + o, 3*j + 10 = -k. Let u = 4 + j. What is the highest common factor of 1 and u?
1
Suppose -2*h = 5*k - 40, k + 0*k - 31 = -5*h. Let x be (-8)/(-10)*150/4. What is the greatest common divisor of x and k?
6
Suppose -2*y + 30 = -62. What is the highest common factor of y and 69?
23
Suppose 0*z - 4*z = -8. Suppose -2*k - z*k + 416 = 0. Calculate the highest common factor of k and 13.
13
Suppose -9 = -2*o + 11. What is the highest common divisor of 5 and o?
5
Let t(q) = -q**3 - 17*q**2 + q + 21. Let z be t(-17). What is the highest common factor of 16 and z?
4
Let y(h) = -h**3 + 7*h**2 + 20*h + 4. Let g be y(9). What is the highest common divisor of 110 and g?
22
Suppose -4*k + 290 = 18. What is the highest common divisor of 170 and k?
34
Let w be 1/1*137 - -4. Suppose w + 204 = 3*x. Calculate the greatest common factor of 23 and x.
23
Let n(u) = u**3 + 8*u**2 - 22. Let l be n(-7). Calculate the highest common divisor of 81 and l.
27
Suppose 0 = 5*l - 49 - 41. Suppose 0 = -4*f - 61 + 421. Calculate the highest common factor of l and f.
18
Let z be (-5 - -3)*(-389)/(-2). Let k = -277 - z. Calculate the highest common divisor of 14 and k.
14
Let s(b) = 4*b**2 - 11*b - 5. Let o = -12 - -5. Let z be s(o). Let r = z - 180. What is the greatest common divisor of r and 11?
11
Suppose -81 = -5*m - 2*l, -2*l - l = -3*m + 36. What is the greatest common factor of 75 and m?
15
Let g = -6 + 8. Suppose -g*a - 1 = -a. Let v be (a - 26)*11/(-3). What is the highest common factor of v and 11?
11
Let c be ((1024 - -4)/(-2))/(-2). Let a = c - 173. Calculate the greatest common factor of 56 and a.
28
Let k be 2/8 + (-282)/(-24). Calculate the greatest common factor of k and 36.
12
Let n(i) = i**2 - 4*i + 1. Let f(y) = y**2 - 5*y. Let c(z) = -4*f(z) + 3*n(z). Let g be c(5). Let u = -11 + 20. What is the highest common factor of u and g?
9
Let x(g) = -6*g - 2. Let p be (-2 + 0 + 2)*1. Let k be -5 + p + 2 + 0. Let u be x(k). Calculate the highest common factor of u and 48.
16
Suppose 3*x - 4*x = -3*b - 282, -2*b + 1086 = 4*x. Calculate the highest common divisor of x and 21.
21
Suppose 5*o + 4*c = 150, 0 = -2*o + 3*c + 25 + 35. Suppose 0 = 3*t - 0*i - 2*i - o, 0 = -3*i. What is the greatest common divisor of 20 and t?
10
Let p = 112 - -32. Suppose -4*c + p = -0. Calculate the highest common factor of c and 9.
9
Suppose 16 = -5*k - 4*l, -4*k + 2*l + 2*l + 16 = 0. Let z be 3/6*(54 + k). Let a be (-6)/14 - 1782/(-189). What is the highest common factor of a and z?
9
Suppose -4*m = -2*m - 36. Calculate the highest common factor of 18 and m.
18
Let l be (-1)/(-4) - 23/(-4). What is the highest common divisor of l and 66?
6
Suppose 0 = -4*l - 56 - 8. Let d(r) = r**3 + 17*r**2 + 16*r + 1. Let z be d(-16). Let f be ((-12)/16)/(z/l). What is the greatest common divisor of f and 8?
4
Let z be 0/2 - (-37 + 1). Suppose t + t = z. Let f be (t/2)/((-15)/(-70)). Calculate the greatest common factor of 6 and f.
6
Let z(o) = -o**2 + 9*o + 1. Let s(w) = -w. Let x be s(-5). Let q be z(x). Calculate the highest common factor of q and 42.
21
Let s(i) = 6*i - 2. Let u be s(-2). Let q be 6/(-21) - 130/u. Suppose 6*a - 3*a = q. Calculate the greatest common divisor of 33 and a.
3
Suppose 0 = -2*c + 156 + 60. Suppose 5*z - 120 = -5*i + 60, 0 = 4*z - 5*i - c. Suppose -6*o + z = -2*o. What is the highest common divisor of 8 and o?
8
Suppose 2*i + 29 = 101. Suppose -3*a + 32 = 4*t, 3*a = -2*a + 3*t + 5. What is the greatest common factor of a and i?
4
Let h be 2/6 - (-500)/30. Calculate the greatest common factor of 153 and h.
17
Let l(t) = 30*t. Let j be l(1). Suppose -92 = -4*f - 2*h, -2*f + h = 2*f - 98. Let y = 34 - f. Calculate the highest common divisor of j and y.
10
Let y be (-1 - 0) + 132/4. What is the highest common divisor of 4 and y?
4
Let g = -9 + 12. Let v = 1 - 1. Suppose -22 = -g*s - 2*i, 2*s + i - 14 = -v*i. What is the highest common factor of 66 and s?
6
Let b(k) = -k**3 - 5*k**2 - 4*k + 4. Let z = 13 - 17. Let f be b(z). Let y = -10 + 14. What is the greatest common factor of f and y?
4
Let g be 5 + -1 + -2 + (-4 - -32). Suppose 0*s + 3*s - 345 = -z, s - 5 = 0. Calculate the greatest common factor of z and g.
30
Let y be (-1 - 0)*(-2)/1. Let j = 3 + -5. Let z = -1 - j. What is the greatest common factor of z and y?
1
Suppose 0*t = 3*t + 6. Let c be 1/2*2/(-1). Let i be c/(t/2)*4. Calculate the greatest common factor of i and 28.
4
Let c = 726 + -285. Suppose -16 = -4*h, 5*h - 1039 - c = -4*m. Suppose -430 = -5*g + 4*p, -4*g = -0*g + p - m. What is the highest common factor of g and 36?
18
Let y(g) = 13*g**2 + 2*g + 3. Let a be y(3). Calculate the greatest common divisor of a and 18.
18
Let f(h) = h**3 + 6*h**2 - 2*h - 3. Let o be f(-6). Calculate the greatest common divisor of 6 and o.
3
S